t q = 13 + -6. Suppose 2*i = q*i + 255. Let b = -34 - i. List the prime factors of b.
17
Let a = 86 + -190. Let j = -13 - a. List the prime factors of j.
7, 13
Let v = -1247 + 2013. List the prime factors of v.
2, 383
Let q be (-3 - (-28)/8)*(0 + 6). Suppose q*d + 3*d - 756 = 0. List the prime factors of d.
2, 3, 7
Suppose 0 = b - 891 + 279. List the prime factors of b.
2, 3, 17
Suppose -2*h = -7 - 1. Let v(i) = 15 - 18 - h*i + 0*i + 2*i. List the prime factors of v(-5).
7
Let m = 23 - 18. Let y be 3/m + (-468)/(-45). Let x = y + 17. What are the prime factors of x?
2, 7
Let k = -30 - -27. Let x be k/(-3 - (-29)/10). Suppose 358 = 8*m + x. List the prime factors of m.
41
Suppose -4*r + 46 = p, 2*r + 0*r - 116 = -2*p. Let t = -40 + p. What are the prime factors of t?
2, 11
Let o(u) = u**2 + 5*u + 18. Suppose 27 = -5*l - 3. List the prime factors of o(l).
2, 3
Suppose -3*c - 16 + 13 = 0. Let y be (-184)/(-1 + c) - -1. Let m = y - 54. List the prime factors of m.
3, 13
Let n be (2/3)/((-12)/(-90)). Suppose -k - 108 = -5*r, -3*r + 73 - 11 = -2*k. Suppose d = i + r, n*i + 43 = -3*d + 117. What are the prime factors of d?
23
Let l be 10/(4/10 - 8/(-5)). Suppose 1210 = -l*y + 10*y. List the prime factors of y.
2, 11
Let j = 82 - -302. List the prime factors of j.
2, 3
Let g = 658 - 511. List the prime factors of g.
3, 7
Suppose 18 = -0*c + c. Suppose -4*f - 4*m + 8 = 0, -5*f + 3*m + 0*m = -c. What are the prime factors of (-24)/(3/f*-1)?
2, 3
Let w(s) = -s**3 + 2*s**2 + 22*s + 2751. What are the prime factors of w(0)?
3, 7, 131
Suppose 4*s = 2*s + 78. Let u = s + -24. List the prime factors of u.
3, 5
Let r be (5 - 54/10) + 2194/10. Let p = r + -145. List the prime factors of p.
2, 37
Let g(z) be the second derivative of -z**5/20 + z**4 + 11*z**3/6 + 9*z**2/2 + 5*z. Let d be g(13). Let l = 37 + d. What are the prime factors of l?
2, 5
Let j = -71 - 97. Let i = j + 331. What are the prime factors of i?
163
Let n(s) = s**2 - s - 1. Let l(k) = -2*k**2 + 17*k + 16. Let u(b) = l(b) + 4*n(b). What are the prime factors of u(-8)?
2, 3
Let u(t) = 7*t**2 - 15*t - 4. Let n(a) = 8*a**2 - 14*a - 4. Let i(c) = 6*n(c) - 7*u(c). List the prime factors of i(10).
2, 3, 19
Suppose -4*p = 2*x - 163 - 149, -2*x = -3*p - 312. What are the prime factors of x?
2, 3, 13
Let r(z) = z**3 + 13*z**2 + z - 4. What are the prime factors of r(-10)?
2, 11, 13
Let r = -23 - -33. Let z be (8/r)/(6/(-15)). List the prime factors of 0*z/(-6) + 15.
3, 5
Suppose 3*u = 2*n + 18, 4 - 9 = -2*u - n. Suppose g - o = -3*o + u, g - 6 = -4*o. Suppose -6 - 12 = -g*i. List the prime factors of i.
3
Let k(m) be the second derivative of m**5/20 - m**4/24 - 2*m**3/3 - 3*m**2 - m. Let g(a) be the first derivative of k(a). List the prime factors of g(3).
2, 5
Let k = -26 - -21. Let z(f) = f**3 + 6*f**2 - 2*f - 5. List the prime factors of z(k).
2, 3, 5
List the prime factors of 495/(-110)*4*411/(-18).
3, 137
Let f = 4 + -2. Suppose f*a - 69 = -3*m, a + 6 = -m + 42. Suppose -3*c = -2*z + 2*c + a, c = -5*z + 57. List the prime factors of z.
2, 3
Suppose 4*v - 5*v + 151 = 0. Let s = v - 106. List the prime factors of s.
3, 5
Let s = -93 - 1. Let f = s + 170. What are the prime factors of f?
2, 19
Let n = 52 + -52. What are the prime factors of (-13 + n)*1/(-5 + 4)?
13
Let z = -5 + -1. Let p(f) be the third derivative of f**6/120 + f**5/12 - f**4/3 - 7*f**3/6 - 33*f**2. What are the prime factors of p(z)?
5
Let j(i) = i**3 + 19*i**2 - 33*i - 28. What are the prime factors of j(-19)?
599
Let u = 192 + 1503. List the prime factors of u.
3, 5, 113
Suppose -5*q = q - 1110. Let c = q + 27. What are the prime factors of c?
2, 53
Suppose -4*j - 5*u + 22 = -9, -5*j + 32 = 4*u. Suppose 0*a - 4*a - 5*w + 147 = 0, -3*a = -j*w - 118. What are the prime factors of a?
2, 19
Let z(r) = -r**3 + 3*r**2 + 62*r - 48. List the prime factors of z(-14).
2, 151
What are the prime factors of 369 + (25/5 - 3)?
7, 53
Suppose -8*w - 1136 = -16*w. List the prime factors of w.
2, 71
Suppose 4*r = 5*t - 13, -3*t = 2*r + 4 - 25. Suppose -r*v + 304 = -v. Suppose v = 5*h + 4*o, -o + 2 = -2*o. What are the prime factors of h?
2
Let t be 2/8 + 15/4. Suppose t = -2*b - 4*y, -b + 3 = y + 1. Suppose -5*p + b*p = 61. List the prime factors of p.
61
Let f(j) be the second derivative of j**5/60 + j**4/24 - 2*j**3/3 + 4*j**2 + 8*j. Let i(l) be the first derivative of f(l). List the prime factors of i(-4).
2
Let l(n) = n**3 - 4*n**2 - 2. Let b be l(5). Let y(p) = -25*p + 2*p**2 + p**2 + b*p - p**2 - 3. List the prime factors of y(5).
37
Let x(w) = 3*w**2 + 14*w - 2. Let p(i) = -5*i**2 - 21*i + 3. Let r(m) = 5*p(m) + 8*x(m). Let u be r(7). List the prime factors of (-3 - (1 - u))*-1.
5
Suppose -652 = -2*x + 4*a + 582, 3*x - 5*a - 1846 = 0. What are the prime factors of x?
607
Let c = 39 - 38. What are the prime factors of c - -4*4/8?
3
Let j(q) = -67*q - 356. What are the prime factors of j(-23)?
3, 5, 79
Let p(j) = 723*j - 58. What are the prime factors of p(3)?
2111
What are the prime factors of 225/45 + -2 + 33*18?
3, 199
Let j = 2 - 0. Suppose j*o = 3*k + 5, k - 3*o = -3 - 1. List the prime factors of ((-6)/(-8))/(k/(-16)).
2, 3
Let w(p) = -p - 13. Let y be w(-5). Let o = y - 0. What are the prime factors of 1/((-6)/o)*15?
2, 5
Let m = -523 - -879. List the prime factors of m.
2, 89
Suppose -4*h - s + 8 = 0, -2 + 0 = -h - 5*s. Let u = -1 + h. List the prime factors of ((-10)/20)/(u/(-38)).
19
Let t(v) = v**3 + v - 2. Let p be t(0). Let z be (-444)/(-10) + p/5. Suppose 4*a = 28 + z. What are the prime factors of a?
2, 3
What are the prime factors of (198/(-231))/(1108/(-1106) - -1)?
2, 3, 79
Let f(p) = 2*p**3 + 3*p**2 + 12*p + 3. List the prime factors of f(7).
2, 5, 23
Let f(s) = s + 5. Let g be f(15). Suppose -r + 0*m - 2*m = -4, 5*r - g = 4*m. Suppose o + 4*t = 22, -5*t - r = o - 26. List the prime factors of o.
2, 11
Let l(k) be the first derivative of -k**4/12 - 4*k**3/3 - 5*k**2/2 - 8*k + 4. Let c(r) be the first derivative of l(r). What are the prime factors of c(-7)?
2
Let c(j) = -2*j**2 + 20*j + 6. Let k be c(10). Suppose 4*g - 22 + k = 0. Suppose -g*o + 117 = -b, -5*o + 84 = -2*o + 3*b. What are the prime factors of o?
29
Suppose 0 = -4*v - 9*i + 11*i + 13558, 3*v - i = 10170. List the prime factors of v.
3391
Suppose -2*y - 16 = 8. Let g be 4/(-1*(-8)/y). List the prime factors of (-27)/(1 - (-15)/g).
2, 3
Let x = 3 + 101. Let k = x - 40. Let g = k - 42. List the prime factors of g.
2, 11
Let s(t) = t + 13*t - 33 - 31*t. What are the prime factors of s(-10)?
137
Suppose -3 - 6 = 2*t - 3*k, -2*t - k + 11 = 0. Suppose a + 3*j - t = j, -2*j = -a + 3. Suppose a*n - 1 = 5. What are the prime factors of n?
2
Let y(s) = 1908*s**3 - 2. List the prime factors of y(1).
2, 953
Let q be (0/2 - -2) + (-3)/(-3). Let c = q + 8. List the prime factors of c.
11
Let u(f) = -f**3 + 8*f**2 - 7*f + 2. Let m be u(7). Let t be ((-6)/(-15))/(m/180). Suppose d - 5*d = -3*g + t, -3*g + 39 = -5*d. List the prime factors of g.
2
Let z = 12 - 10. Suppose -2*l + 4*l - x - 2 = 0, 2*x = z*l - 4. Suppose -5*w + 65 = 5*h - 3*w, l = -2*h + w + 26. What are the prime factors of h?
13
Suppose 2*k = -2*k - 12. Let z(p) = 2. Let c(r) = -18*r - 12. Let s(w) = c(w) + 3*z(w). List the prime factors of s(k).
2, 3
Suppose 220 - 38 = d. What are the prime factors of d?
2, 7, 13
Suppose -18*i = 5360 - 16970. List the prime factors of i.
3, 5, 43
Let a(d) = 2*d**2 + 7*d - 23. What are the prime factors of a(4)?
37
Let j = 89 + -63. List the prime factors of (-2)/(-4) - 13/j - -98.
2, 7
Let l(a) = -2*a + 8. Let x be l(6). Let s = x - -15. Let v = 25 - s. List the prime factors of v.
2, 7
Let o = 12 + 11. Suppose 1374 = -17*z + o*z. What are the prime factors of z?
229
Let d(z) = z**3 + 20*z**2 - 20*z + 29. Let y be d(-21). Let l = -2 - -1. What are the prime factors of l/(-4)*10*y?
2, 5
Suppose -3*c = -8*c - 2*t + 17, 0 = -2*c + 4*t + 2. Suppose 5*w = d + 212, 3*w = -c*d + 129 - 9. List the prime factors of ((-30)/35)/((-3)/w).
2, 3
Let l = 2722 + -288. What are the prime factors of l?
2, 1217
Let n(k) = -19*k**2 + 6*k + 2. Let f be n(-2). List the prime factors of f/((4/8)/(2/(-8))).
43
Let d(c) = -4*c - 21. Let f(q) = 1. Let j(x) = -d(x) + 3*f(x). List the prime factors of j(